{"id":175,"date":"2015-11-16T13:20:10","date_gmt":"2015-11-16T12:20:10","guid":{"rendered":"http:\/\/www.sts-flottbek.de\/?page_id=175"},"modified":"2024-03-12T14:06:29","modified_gmt":"2024-03-12T13:06:29","slug":"jahrgang-7","status":"publish","type":"page","link":"https:\/\/www.sts-flottbek.de\/?page_id=175","title":{"rendered":"Jahrgang 8 &#8211; 10"},"content":{"rendered":"<div id=\"pl-175\"  class=\"panel-layout\" ><div id=\"pg-175-0\"  class=\"panel-grid panel-no-style\" ><div id=\"pgc-175-0-0\"  class=\"panel-grid-cell\" ><div id=\"panel-175-0-0-0\" class=\"so-panel widget widget_text panel-first-child panel-last-child\" data-index=\"0\" ><h3 class=\"widget-title\">Jahrgang 8. Sch\u00fclerschaft und Anforderungen werden erwachsener<\/h3>\t\t\t<div class=\"textwidget\"><p>In der 8. Klasse gibt es viele M\u00f6glichkeiten, sich neu zu orientieren und individuelle Schwerpunkte zu setzen. Es kommen weitere Schulf\u00e4cher hinzu: Chemie \/ Physik, Informatik \/ Biologie. Im Rahmen der Berufsorientierung haben im Jahrgang 8 die Werkstatttage und die Potentialanalyse Tradition. Die Projektwoche zum Thema Respekt ist fest geplant. Eine Reise mit dem ganzen Jahrgang ist das Ziel.<\/p>\n<\/div>\n\t\t<\/div><\/div><\/div><div id=\"pg-175-1\"  class=\"panel-grid panel-no-style\" ><div id=\"pgc-175-1-0\"  class=\"panel-grid-cell\" ><div id=\"panel-175-1-0-0\" class=\"so-panel widget widget_text panel-first-child panel-last-child\" data-index=\"1\" ><h3 class=\"widget-title\">Jahrgang 9. Nun wird es \u201aernst\u2018.<\/h3>\t\t\t<div class=\"textwidget\"><p>Ein Teil der Sch\u00fcler*innen wird auf den Ersten Allgemeinbildenden Schulabschluss (ESA) vorbereitet. F\u00fcr den ganzen Jahrgang geht es um die Frage, was nach der Mittelstufe getan werden m\u00f6chte: Wird es eine betriebliche Ausbildung sein, oder die allgemeinbildende Oberstufe mit dem Abitur? Daf\u00fcr wird die Berufs- und Studienorientierung (BOSO) unter anderem mit zwei Sch\u00fclerbetriebspraktika intensiviert.<\/p>\n<p>Neu f\u00fcr diesen Jahrgang sind zwei dreiw\u00f6chige Betriebspraktika, Begleitung und Beratung durch unsere AuB-Fachkolleg*innen aus den Berufsbildenden Schulen, sowie ESA-Pr\u00fcfungen inkl. der Praxisorientierten Pr\u00fcfung. Au\u00dferdem haben die Sch\u00fcler*innen ab diesem Jahrgang in der F\u00f6rder\/Forderschiene vielf\u00e4ltige Unterst\u00fctzung sich zu spezifizieren und Kompetenzen f\u00fcr ihre individuellen Abschl\u00fcsse zu vertiefen.<\/p>\n<\/div>\n\t\t<\/div><\/div><\/div><div id=\"pg-175-2\"  class=\"panel-grid panel-no-style\" ><div id=\"pgc-175-2-0\"  class=\"panel-grid-cell\" ><div id=\"panel-175-2-0-0\" class=\"so-panel widget widget_text panel-first-child panel-last-child\" data-index=\"2\" ><h3 class=\"widget-title\">Jahrgang 10: die Abschlussvorbereitungen<\/h3>\t\t\t<div class=\"textwidget\"><p>Die Schwerpunkte liegen auf der individuellen Abschlussvorbereitung, damit alle Sch\u00fcler*innen einen erfolgreichen MSA absolvieren oder den ESA verbessern k\u00f6nnen. Dar\u00fcber hinaus wird der \u00dcbergang in die Sekundarstufe II vorbereitet.<\/p>\n<p><strong>St\u00e4rkung<\/strong> der Naturwissenschaften.<\/p>\n<p><strong>Qualifizierung<\/strong> Gef\u00f6rdert und gefordert wird in den Hauptf\u00e4chern in abschluss\u00fcbergreifenden Fachleistungskursen.<\/p>\n<p><strong>Berufsorientierung <\/strong>\u00a0intensiver Kontakt zu m\u00f6glichen Ausbildungsbetrieben<\/p>\n<\/div>\n\t\t<\/div><\/div><\/div><\/div>","protected":false},"excerpt":{"rendered":"<p>In der 8. Klasse gibt es viele M\u00f6glichkeiten, sich neu zu orientieren und individuelle Schwerpunkte zu setzen. Es kommen weitere Schulf\u00e4cher hinzu: Chemie \/ Physik, Informatik \/ Biologie. Im Rahmen&hellip;&nbsp;<a href=\"https:\/\/www.sts-flottbek.de\/?page_id=175\" class=\"more-link\">&#8230; mehr<\/a><\/p>\n","protected":false},"author":1,"featured_media":0,"parent":907,"menu_order":52,"comment_status":"closed","ping_status":"closed","template":"","meta":{"footnotes":""},"class_list":["post-175","page","type-page","status-publish","hentry"],"_links":{"self":[{"href":"https:\/\/www.sts-flottbek.de\/index.php?rest_route=\/wp\/v2\/pages\/175","targetHints":{"allow":["GET"]}}],"collection":[{"href":"https:\/\/www.sts-flottbek.de\/index.php?rest_route=\/wp\/v2\/pages"}],"about":[{"href":"https:\/\/www.sts-flottbek.de\/index.php?rest_route=\/wp\/v2\/types\/page"}],"author":[{"embeddable":true,"href":"https:\/\/www.sts-flottbek.de\/index.php?rest_route=\/wp\/v2\/users\/1"}],"replies":[{"embeddable":true,"href":"https:\/\/www.sts-flottbek.de\/index.php?rest_route=%2Fwp%2Fv2%2Fcomments&post=175"}],"version-history":[{"count":21,"href":"https:\/\/www.sts-flottbek.de\/index.php?rest_route=\/wp\/v2\/pages\/175\/revisions"}],"predecessor-version":[{"id":7659,"href":"https:\/\/www.sts-flottbek.de\/index.php?rest_route=\/wp\/v2\/pages\/175\/revisions\/7659"}],"up":[{"embeddable":true,"href":"https:\/\/www.sts-flottbek.de\/index.php?rest_route=\/wp\/v2\/pages\/907"}],"wp:attachment":[{"href":"https:\/\/www.sts-flottbek.de\/index.php?rest_route=%2Fwp%2Fv2%2Fmedia&parent=175"}],"curies":[{"name":"wp","href":"https:\/\/api.w.org\/{rel}","templated":true}]}}