{"id":4578,"date":"2021-06-09T15:26:28","date_gmt":"2021-06-09T13:26:28","guid":{"rendered":"https:\/\/www.sts-flottbek.de\/?page_id=4578"},"modified":"2025-09-08T19:53:24","modified_gmt":"2025-09-08T17:53:24","slug":"nachmittagsangebote","status":"publish","type":"page","link":"https:\/\/www.sts-flottbek.de\/?page_id=4578","title":{"rendered":"Nachmittagsangebote"},"content":{"rendered":"<div id=\"pl-4578\"  class=\"panel-layout\" ><div id=\"pg-4578-0\"  class=\"panel-grid panel-no-style\" ><div id=\"pgc-4578-0-0\"  class=\"panel-grid-cell\" ><div id=\"panel-4578-0-0-0\" class=\"so-panel widget widget_text panel-first-child panel-last-child\" data-index=\"0\" ><h3 class=\"widget-title\">Nachmittagsangebote an der Stadtteilschule Flottbek<\/h3>\t\t\t<div class=\"textwidget\"><div>Die Stadtteilschule Flottbek ist stolz darauf, ein abwechslungsreiches Nachmittagsangebot zu gestalten und zu organisieren, das auf die Bed\u00fcrfnisse und Interessen unserer Sch\u00fcler*innen zugeschnitten ist. Dabei arbeiten wir eng mit verschiedenen au\u00dferschulischen Partnern zusammen, um ein vielf\u00e4ltiges und spannendes Programm zu bieten. Zu unseren Kooperationspartnern z\u00e4hlen unter anderem der Elbe-Aktiv-Spielplatz, die Flottbeker Spielervereinigung sowie der Gro\u00dfflottbeker Hockey-, Tennis- und Golf-Club e.V.<\/div>\n<div><\/div>\n<div>Ein zentrales Element unserer Nachmittagsgestaltung sind die Sch\u00fcler*innen selbst. Ihre W\u00fcnsche und Interessen stehen im Mittelpunkt, wenn es darum geht, die Kurse auszuw\u00e4hlen. Um diesen Prozess zu erleichtern, nutzen wir das Programm \u201eOnline Ganztagsschule\u201c. Jedes Kind erh\u00e4lt einen pers\u00f6nlichen Login, mit dem es sich in das Programm einloggen kann, um die Kurse nach seinen eigenen Vorlieben zu w\u00e4hlen.<\/div>\n<div><\/div>\n<div>Wir freuen uns darauf, unseren Sch\u00fcler*innen ein inspirierendes und bereicherndes Nachmittagsangebot zu bieten, das ihnen nicht nur Spa\u00df macht, sondern auch ihre Talente und Interessen f\u00f6rdert.<\/div>\n<p>&nbsp;<\/p>\n<\/div>\n\t\t<\/div><\/div><\/div><div id=\"pg-4578-1\"  class=\"panel-grid panel-has-style\" ><div class=\"panel-row-style panel-row-style-for-4578-1\" ><div id=\"pgc-4578-1-0\"  class=\"panel-grid-cell\" ><div id=\"panel-4578-1-0-0\" class=\"so-panel widget widget_text panel-first-child panel-last-child\" data-index=\"1\" ><h3 class=\"widget-title\">Elternbrief<\/h3>\t\t\t<div class=\"textwidget\"><p>Liebe Eltern der Stadtteilschule Flottbek,<\/p>\n<p>ich freue mich, Ihnen das neue Ganztagsprogramm f\u00fcr das kommende Schuljahr pr\u00e4sentieren zu d\u00fcrfen! Wie im vergangenen Jahr haben wir eine vielf\u00e4ltige Auswahl an Kursen zusammengestellt, und ich bin \u00fcberzeugt, dass auch f\u00fcr Ihr Kind das passende Angebot dabei ist. In diesem Jahr erfolgt die Wahl der Ganztagskurse wieder online. <a href=\"https:\/\/www.sts-flottbek.de\/wp-content\/uploads\/2025\/09\/Wie-waehle-ich-einen-Nachmittagskurs_.pdf\" target=\"_blank\" rel=\"noopener\">Hier finden Sie eine Schritt-f\u00fcr-Schritt-Anleitung<\/a>, wie Sie sich einloggen und die Nachmittagskurse ausw\u00e4hlen k\u00f6nnen. Bitte beachten Sie, dass die Kurswahl ausschlie\u00dflich \u00fcber das Programm erfolgt.<\/p>\n<p><strong>Wichtig:<\/strong> Das erste Login kann nicht \u00fcber die App durchgef\u00fchrt werden; bitte nutzen Sie den in der Anleitung angegebenen Link (<a href=\"https:\/\/stsflott.online-ganztagsschule.de\">https:\/\/stsflott.online-ganztagsschule.de<\/a>)<\/p>\n<p>Den <strong>erforderlichen Zugangscode<\/strong> hat Ihr Kind von der Klassenleitung erhalten. Denken Sie bitte daran, auch einen zweiten Wunsch anzugeben, da die Teilnehmerzahl in den einzelnen Kursen begrenzt ist und wir daher keinen Platz garantieren k\u00f6nnen. Bitte w\u00e4hlen Sie<strong> bis zum 12.09.<\/strong> anschlie\u00dfend werden die Kurse eingeteilt und die Onlinewahl wird geschlossen. Die Ganztagskurse sind kostenlos und freiwillig. Sollte Ihr Kind mit dem gew\u00e4hlten Kurs nicht zufrieden sein, z\u00f6gern Sie bitte nicht, sich bei mir zu melden \u2013 ein Wechsel ist m\u00f6glich. <strong>Alle Kurse starten am Montag, den 15.09.25. <\/strong>Falls Ihr Kind einmal nicht an einem Kurs teilnehmen kann, bitten wir um eine entsprechende Entschuldigung. Bitte beachten Sie, dass Ihr Kind den Kurs leider verlassen muss, wenn es dreimal unentschuldigt fehlt. Bei weiteren Fragen stehe ich Ihnen jederzeit gerne zur Verf\u00fcgung. Sie erreichen mich unter: ganztag[at]stsflott.de. Charis Fliedner (Ganztagskoordinatorin)<\/p>\n<p><strong>Wie w\u00e4hle ich einen Nachmittagskurs an der STS Flottbek?<\/strong><\/p>\n<p><strong>\u2192 <\/strong><a href=\"https:\/\/stsflott.online-ganztagsschule.de\/login\" target=\"_blank\" rel=\"noopener\"><strong>Hier geht es zum Anmeldeformular<\/strong><\/a><\/p>\n<ol>\n<li>Gib deine Login Daten ein<\/li>\n<li>Klicke oben links im blauen Balken auf &#8222;Meine Kurse&#8220;<\/li>\n<li>Klicke auf: Erstes Halbjahr (Schuljahr 2024\/25)<\/li>\n<li>Erg\u00e4nze deine pers\u00f6nlichen Daten (E-Mail-Adresse und Telefonnummer)<\/li>\n<li>W\u00e4hle deine Kurse: W\u00e4hle immer einen Erst- und einen Zweitwunsch<\/li>\n<\/ol>\n<\/div>\n\t\t<\/div><\/div><\/div><\/div><div id=\"pg-4578-2\"  class=\"panel-grid panel-no-style\" ><div id=\"pgc-4578-2-0\"  class=\"panel-grid-cell\" ><div id=\"panel-4578-2-0-0\" class=\"so-panel widget widget_text panel-first-child panel-last-child\" data-index=\"2\" ><h3 class=\"widget-title\">Kursangebote<\/h3>\t\t\t<div class=\"textwidget\"><p>Am Montag, Mittwoch und Freitag bieten wir Nachmittagskurse f\u00fcr die verschiedenen Interessen an \u2013 ob sportlich, kreativ, musisch\u2026 oder vielleicht einfach mal etwas Neues ausprobieren? Unsere sch\u00f6nen Werkst\u00e4tten, die neue Schulk\u00fcche, Musikraum, Kreativraum, zwei Sporthallen, das Au\u00dfengel\u00e4nde und unser Stadtteil schaffen uns hierf\u00fcr tolle M\u00f6glichkeiten. F\u00fcr diese Schuljahr k\u00f6nnen die Sch\u00fcler*innen ein buntes und kreatives Kursangebot w\u00e4hlen.<\/p>\n<p>Wir m\u00f6chten das Kurssystem m\u00f6glichst flexibel gestalten, m\u00fcssen aber auch verl\u00e4sslich planen k\u00f6nnen. Daher werden die meisten Kurse von den Kindern bzw. Eltern verbindlich f\u00fcr einen vorher festgelegten Zeitraum gew\u00e4hlt. Alle Informationen dazu werden im Zuge der Kurswahlen bekanntgegeben.<\/p>\n<p>Unser Kurs- und Betreuungsangebot k\u00f6nnen alle zum Ganztag angemeldeten Kinder nutzen, auch wenn sie nicht zwingend jeden Tag bis 16:00 Uhr betreut werden m\u00fcssen. Die Inanspruchnahme der Betreuungs- oder Kursleistungen ist, bis auf wenige Ausnahmen, kostenfrei.<\/p>\n<p><a href=\"https:\/\/www.sts-flottbek.de\/wp-content\/uploads\/2025\/09\/Booklet_Ganztagskurse_2526.pdf\" target=\"_blank\" rel=\"noopener\">Download PDF: Schuljahr 2025\/26 \u2013 1. Halbjahr<\/a><\/p>\n<\/div>\n\t\t<\/div><\/div><\/div><\/div>","protected":false},"excerpt":{"rendered":"<p>Die Stadtteilschule Flottbek ist stolz darauf, ein abwechslungsreiches Nachmittagsangebot zu gestalten und zu organisieren, das auf die Bed\u00fcrfnisse und Interessen unserer Sch\u00fcler*innen zugeschnitten ist. Dabei arbeiten wir eng mit verschiedenen&hellip;&nbsp;<a href=\"https:\/\/www.sts-flottbek.de\/?page_id=4578\" class=\"more-link\">&#8230; mehr<\/a><\/p>\n","protected":false},"author":5,"featured_media":0,"parent":81,"menu_order":101,"comment_status":"closed","ping_status":"closed","template":"","meta":{"footnotes":""},"class_list":["post-4578","page","type-page","status-publish","hentry"],"_links":{"self":[{"href":"https:\/\/www.sts-flottbek.de\/index.php?rest_route=\/wp\/v2\/pages\/4578","targetHints":{"allow":["GET"]}}],"collection":[{"href":"https:\/\/www.sts-flottbek.de\/index.php?rest_route=\/wp\/v2\/pages"}],"about":[{"href":"https:\/\/www.sts-flottbek.de\/index.php?rest_route=\/wp\/v2\/types\/page"}],"author":[{"embeddable":true,"href":"https:\/\/www.sts-flottbek.de\/index.php?rest_route=\/wp\/v2\/users\/5"}],"replies":[{"embeddable":true,"href":"https:\/\/www.sts-flottbek.de\/index.php?rest_route=%2Fwp%2Fv2%2Fcomments&post=4578"}],"version-history":[{"count":37,"href":"https:\/\/www.sts-flottbek.de\/index.php?rest_route=\/wp\/v2\/pages\/4578\/revisions"}],"predecessor-version":[{"id":8751,"href":"https:\/\/www.sts-flottbek.de\/index.php?rest_route=\/wp\/v2\/pages\/4578\/revisions\/8751"}],"up":[{"embeddable":true,"href":"https:\/\/www.sts-flottbek.de\/index.php?rest_route=\/wp\/v2\/pages\/81"}],"wp:attachment":[{"href":"https:\/\/www.sts-flottbek.de\/index.php?rest_route=%2Fwp%2Fv2%2Fmedia&parent=4578"}],"curies":[{"name":"wp","href":"https:\/\/api.w.org\/{rel}","templated":true}]}}