{"id":780,"date":"2018-04-16T19:12:53","date_gmt":"2018-04-16T17:12:53","guid":{"rendered":"http:\/\/www.sts-flottbek.de\/?page_id=780"},"modified":"2021-05-26T12:35:32","modified_gmt":"2021-05-26T10:35:32","slug":"unsere-schule","status":"publish","type":"page","link":"https:\/\/www.sts-flottbek.de\/?page_id=780","title":{"rendered":"Unsere Schule"},"content":{"rendered":"<h1><strong>Schulprofil : Unsere Angebote auf einen Blick<\/strong><\/h1>\n<p>&nbsp;<\/p>\n<table>\n<tbody>\n<tr>\n<td width=\"33%\"><strong>Teilgebundene Ganztagsschule<br \/>\nSeit August 2013<\/strong><\/td>\n<td width=\"33%\"><strong>Soziales Lernen: Vielfalt ist Bereicherung!<\/strong><\/td>\n<td width=\"33%\"><strong>F\u00f6rderung und St\u00e4rkung, individualisiertes Lernen<\/strong><\/td>\n<\/tr>\n<tr>\n<td>Montag und Mittwoch: verpflichtend Unterricht bis 15.15 Uhr (Kernzeit)<\/p>\n<p>Dienstag, Donnerstag, Freitag:<br \/>\nOffenes Betreuungsangebot in Kooperation mit der AWO<br \/>\nund vielf\u00e4ltige Kursangebote<br \/>\nMittagessen in Kooperation mit der Altonaer Kinderk\u00fcche<br \/>\nKioskbetrieb<\/td>\n<td>Klassenrat und demokratisches Verst\u00e4ndnis<br \/>\nInklusiv lernen, Methodencurriculum<br \/>\nPers\u00f6nlichkeit st\u00e4rken<br \/>\nKooperativ arbeiten<br \/>\nVereinbarungen treffen, Ziele entwickeln<br \/>\nBeratungsangebote, Beratungsdienst<\/td>\n<td>Integrative Sprachf\u00f6rderung in allen F\u00e4chern<br \/>\nAdditive Sprachf\u00f6rderung in der Deutsch-Werkstatt<br \/>\nWahlpflichtangebot Sch\u00fclerzeitung<br \/>\nLernf\u00f6rderung von Klasse 5-10<br \/>\nDifferenzierungskonzept<\/td>\n<\/tr>\n<\/tbody>\n<\/table>\n<p>&nbsp;<\/p>\n<table>\n<tbody>\n<tr>\n<td width=\"33%\"><strong>Berufs- und Studienorientierung<\/strong><\/td>\n<td width=\"33%\"><strong>Kreativit\u00e4t und handwerkliches Geschick miteinander verbinden<\/strong><\/td>\n<td width=\"33%\"><strong>Medien<\/strong><\/td>\n<\/tr>\n<tr>\n<td>Unterricht im Lernbereich Arbeit und Beruf ab Jg. 7<br \/>\nBerufsvorbereitung ab Jg. 8<br \/>\nZwei Praktika in Jg. 9<br \/>\nQualifizierungstag in Jg.10<br \/>\nPraxislerntag in Jg.10<br \/>\nKompetenzfeststellungsverfahren Bewerbungstraining<br \/>\nKooperation mit berufsbildenden Schulen, externen Partnern, Jugendberufsagentur und Betrieben<\/td>\n<td>Kunst<br \/>\nMusik\/Musical \/Tanz Bewegung,<br \/>\nTheater<br \/>\nMetall -, Holz- und Textiltechnik<br \/>\nHauswirtschaftVielf\u00e4ltige Angebote<\/td>\n<td>Medienerziehung ab Klasse 5<br \/>\nInteraktive Whiteboards im Unterricht<br \/>\nPr\u00e4vention in Unterricht und Projekten<br \/>\nAusbildung und Einsatz von Medien-Scouts<br \/>\nVerantwortungsvoller Umgang mit neuen Medien<br \/>\nSch\u00fclerinnen und Sch\u00fcler \u00fcbernehmen Verantwortung<\/td>\n<\/tr>\n<\/tbody>\n<\/table>\n<p>&nbsp;<\/p>\n<table>\n<tbody>\n<tr>\n<td width=\"33%\"><strong>Mathematische und naturwissenschaftliche Bildung<\/strong><\/td>\n<td width=\"33%\"><strong>Sprachen<\/strong><\/td>\n<td width=\"33%\"><strong>Oberstufe der Stadtteilschule<\/strong><\/td>\n<\/tr>\n<tr>\n<td>SINUS-Projekt<br \/>\nHandlungsorientiertes Arbeiten im Lernbereich Natur und Technik<br \/>\nMathematikwerkstatt und Projekte, Wettbewerbe<br \/>\nInformatik<\/td>\n<td>Wahl der 2. Fremdsprache Franz\u00f6sisch oder Spanisch ab Klassenstufe 7<\/p>\n<p>Alternativangebote statt der Fremdsprache u.a. im Technikbereich<\/td>\n<td>Seit 2011 gemeinsam mit der mit der STS Bahrenfeld<br \/>\nProfile:<br \/>\nBildende Kunst, Naturwissenschaften, Gesellschaft und Sport<\/td>\n<\/tr>\n<\/tbody>\n<\/table>\n<p>&nbsp;<\/p>\n","protected":false},"excerpt":{"rendered":"<p>Schulprofil : Unsere Angebote auf einen Blick &nbsp; Teilgebundene Ganztagsschule Seit August 2013 Soziales Lernen: Vielfalt ist Bereicherung! F\u00f6rderung und St\u00e4rkung, individualisiertes Lernen Montag und Mittwoch: verpflichtend Unterricht bis 15.15&hellip;&nbsp;<a href=\"https:\/\/www.sts-flottbek.de\/?page_id=780\" class=\"more-link\">&#8230; mehr<\/a><\/p>\n","protected":false},"author":5,"featured_media":0,"parent":0,"menu_order":20,"comment_status":"closed","ping_status":"closed","template":"","meta":{"footnotes":""},"class_list":["post-780","page","type-page","status-publish","hentry"],"_links":{"self":[{"href":"https:\/\/www.sts-flottbek.de\/index.php?rest_route=\/wp\/v2\/pages\/780","targetHints":{"allow":["GET"]}}],"collection":[{"href":"https:\/\/www.sts-flottbek.de\/index.php?rest_route=\/wp\/v2\/pages"}],"about":[{"href":"https:\/\/www.sts-flottbek.de\/index.php?rest_route=\/wp\/v2\/types\/page"}],"author":[{"embeddable":true,"href":"https:\/\/www.sts-flottbek.de\/index.php?rest_route=\/wp\/v2\/users\/5"}],"replies":[{"embeddable":true,"href":"https:\/\/www.sts-flottbek.de\/index.php?rest_route=%2Fwp%2Fv2%2Fcomments&post=780"}],"version-history":[{"count":5,"href":"https:\/\/www.sts-flottbek.de\/index.php?rest_route=\/wp\/v2\/pages\/780\/revisions"}],"predecessor-version":[{"id":4520,"href":"https:\/\/www.sts-flottbek.de\/index.php?rest_route=\/wp\/v2\/pages\/780\/revisions\/4520"}],"wp:attachment":[{"href":"https:\/\/www.sts-flottbek.de\/index.php?rest_route=%2Fwp%2Fv2%2Fmedia&parent=780"}],"curies":[{"name":"wp","href":"https:\/\/api.w.org\/{rel}","templated":true}]}}