{"id":8,"date":"2015-05-01T15:08:14","date_gmt":"2015-05-01T13:08:14","guid":{"rendered":"http:\/\/www.sts-flottbek.de\/?page_id=8"},"modified":"2026-04-17T08:27:09","modified_gmt":"2026-04-17T06:27:09","slug":"home","status":"publish","type":"page","link":"https:\/\/www.sts-flottbek.de\/","title":{"rendered":"Willkommen"},"content":{"rendered":"<div id=\"pl-8\"  class=\"panel-layout\" ><div id=\"pg-8-0\"  class=\"panel-grid panel-no-style\" ><div id=\"pgc-8-0-0\"  class=\"panel-grid-cell\" ><div id=\"panel-8-0-0-0\" class=\"so-panel widget widget_text panel-first-child panel-last-child\" data-index=\"0\" ><div class=\"so-rounded panel-widget-style panel-widget-style-for-8-0-0-0\" ><h3 class=\"widget-title\">Gemeinsamer Austausch 21.04.2026<\/h3>\t\t\t<div class=\"textwidget\"><p>Liebe Eltern, liebe Sorgeberechtigte, liebe Schulgemeinschaft,<\/p>\n<p>die Ereignisse rund um den schweren Vorfall in Flottbek am 30. M\u00e4rz 2026 haben viele Sch\u00fcler*innen, Eltern sowie Mitarbeitende tief bewegt und verunsichert. Solche Geschehnisse machen uns betroffen, werfen Fragen auf und lassen niemanden unber\u00fchrt. Gerade in einer solchen Situation ist es uns als Schule wichtig, offen, verantwortungsvoll und gemeinsam miteinander umzugehen. Deshalb laden wir Sie herzlich zu einem gemeinsamen Austausch ein:<\/p>\n<p><strong>Dienstag, 21. April 2026<br \/>\n19:30 Uhr bis 20:30 Uhr<br \/>\nin der Mensa unserer Schule<\/strong><\/p>\n<p><strong><a href=\"https:\/\/www.sts-flottbek.de\/?p=9254\">Mehr Infos<\/a><\/strong><\/p>\n<\/div>\n\t\t<\/div><\/div><\/div><\/div><div id=\"pg-8-1\"  class=\"panel-grid panel-no-style\" ><div id=\"pgc-8-1-0\"  class=\"panel-grid-cell\" ><div id=\"panel-8-1-0-0\" class=\"so-panel widget widget_text panel-first-child panel-last-child\" data-index=\"1\" ><div class=\"so-rounded panel-widget-style panel-widget-style-for-8-1-0-0\" ><h3 class=\"widget-title\">Pr\u00fcfungsbeginn ESA &#038; MSA<\/h3>\t\t\t<div class=\"textwidget\"><p data-start=\"134\" data-end=\"288\"><strong>Viel Erfolg bei den Abschlusspr\u00fcfungen!<\/strong><\/p>\n<p data-start=\"134\" data-end=\"288\">Die bevorstehenden ESA- und MSA-Pr\u00fcfungen stehen an und wir w\u00fcnschen allen Sch\u00fcler*innen ganz viel Erfolg, starke Nerven und das n\u00f6tige Selbstvertrauen. Ihr habt euch vorbereitet, ihr habt gelernt. Ihr schafft das!<\/p>\n<p data-start=\"134\" data-end=\"288\">Viel Erfolg f\u00fcr alle Pr\u00fcflinge!<\/p>\n<p data-start=\"426\" data-end=\"489\">\n<\/div>\n\t\t<\/div><\/div><\/div><div id=\"pgc-8-1-1\"  class=\"panel-grid-cell\" ><div id=\"panel-8-1-1-0\" class=\"so-panel widget widget_text panel-first-child panel-last-child\" data-index=\"2\" ><div class=\"so-rounded panel-widget-style panel-widget-style-for-8-1-1-0\" ><h3 class=\"widget-title\">P\u00e4dagogische Ganztagskonferenz &#8211; kein Unterricht &#8211; am Mittwoch, den 22. April 2026<\/h3>\t\t\t<div class=\"textwidget\"><p>Auch in diesem Schuljahr f\u00fchrt unser gesamtes Kollegium wieder eine p\u00e4dagogische Ganztagskonferenz durch: <strong>Am Mittwoch, den 22.April 2026<\/strong>\u00a0 findet <strong>k e i n Unterricht in der Schule statt<\/strong>.<\/p>\n<p><a href=\"https:\/\/www.sts-flottbek.de\/?p=9232\"><strong>Mehr Infos\u00a0<\/strong><\/a><\/p>\n<\/div>\n\t\t<\/div><\/div><\/div><\/div><div id=\"pg-8-2\"  class=\"panel-grid panel-no-style\" ><div id=\"pgc-8-2-0\"  class=\"panel-grid-cell\" ><div id=\"panel-8-2-0-0\" class=\"so-panel widget widget_text panel-first-child\" data-index=\"3\" ><div class=\"so-rounded panel-widget-style panel-widget-style-for-8-2-0-0\" ><h3 class=\"widget-title\">Stellungnahme zum Vorfall am 30.03.26 vor unserer Schule<\/h3>\t\t\t<div class=\"textwidget\"><p>Die Stadtteilschule Flottbek ist tief betroffen \u00fcber den schweren Vorfall, der sich gestern vor unserer Schule ereignet hat. Unsere Gedanken sind bei dem verletzten Sch\u00fcler und seiner Familie. Zugleich sind wir bei allen Sch\u00fcler*innen, Mitarbeitenden und Familien, die durch dieses Ereignis verunsichert oder belastet sind. Die Schule steht in engem Austausch mit den zust\u00e4ndigen Beh\u00f6rden. Zur Unterst\u00fctzung der Schulgemeinschaft sind heute und in den n\u00e4chsten Tagen das Kriseninterventionsteam sowie zahlreiche weitere Fachkr\u00e4fte vor Ort. In der Schule werden Gespr\u00e4che und Unterst\u00fctzungsangebote f\u00fcr Sch\u00fcler*innen, sowie Mitarbeitende erm\u00f6glicht. Unser Ziel ist es, in dieser belastenden Situation Halt, Orientierung und Begleitung zu geben. Wir bitten darum, die Privatsph\u00e4re der Betroffenen zu respektieren und auf Spekulationen zu verzichten.<\/p>\n<p>Vielen Dank.<\/p>\n<p>Die Schulgemeinschaft STS Flottbek<\/p>\n<\/div>\n\t\t<\/div><\/div><div id=\"panel-8-2-0-1\" class=\"so-panel widget widget_text panel-last-child\" data-index=\"4\" ><div class=\"so-rounded panel-widget-style panel-widget-style-for-8-2-0-1\" ><h3 class=\"widget-title\">Lernr\u00e4ume f\u00fcr Verantwortung<\/h3>\t\t\t<div class=\"textwidget\"><div dir=\"auto\">\n<p><strong>Multiprofessionelle Schulentwicklung an der STS Flottbek<\/strong><\/p>\n<p>Die Stadtteilschule Flottbek ist eine von zehn Schulen in Hamburg, die den Innovationsfonds des Startchancen-Programms erhalten haben.<\/p>\n<p>Ab dem kommenden Schuljahr setzen wir mit \u201eLernr\u00e4ume f\u00fcr Verantwortung\u201c ein schulweites Entwicklungsmodell um, das Unterricht, Ganztag, Sozialp\u00e4dagogik und Sozialraum systematisch miteinander verbindet.<\/p>\n<\/div>\n<div dir=\"auto\"><\/div>\n<div dir=\"auto\"><a href=\"https:\/\/www.sts-flottbek.de\/?p=9185\"><strong>Mehr Infos<\/strong><\/a><\/div>\n<\/div>\n\t\t<\/div><\/div><\/div><\/div><div id=\"pg-8-3\"  class=\"panel-grid panel-no-style\" ><div id=\"pgc-8-3-0\"  class=\"panel-grid-cell\" ><div id=\"panel-8-3-0-0\" class=\"so-panel widget widget_education-mind-advanced-recent-posts education_mind_widget_advanced_recent_posts panel-first-child\" data-index=\"5\" >\t\t\t\t\t\t\n\t\t\t\t<div class=\"advanced-recent-posts-widget\">\n\n\t\t\t\t\t\t\t\t\t\t\t<div class=\"advanced-recent-posts-item\">\n\n\t\t\t\t\t\t\t\t\t\t\t\t\t\t<div class=\"advanced-recent-posts-text-wrap\">\n\t\t\t\t\t\t\t\t<h3 class=\"advanced-recent-posts-title\">\n\t\t\t\t\t\t\t\t\t<a href=\"https:\/\/www.sts-flottbek.de\/?p=9254\">Einladung zum gemeinsamen Austausch 21.04.2026<\/a>\n\t\t\t\t\t\t\t\t<\/h3>\n\n\t\t\t\t\t\t\t\t\t\t\t\t\t\t\t\t\t<div class=\"advanced-recent-posts-meta\">\n\t\t\t\t\t\t\t\t\t\t<span class=\"advanced-recent-posts-date\">17. April 2026<\/span>\n\t\t\t\t\t\t\t\t\t<\/div>\n\t\t\t\t\t\t\t\t\n\t\t\t\t\t\t\t\t\t\t\t\t\t\t\t\t\t<div class=\"advanced-recent-posts-summary\">\n\t\t\t\t\t\t\t\t\t<p>Liebe Eltern, liebe Sorgeberechtigte, liebe Schulgemeinschaft, die Ereignisse rund um den schweren Vorfall in Flottbek am 30. M\u00e4rz 2026 haben viele Sch\u00fclerinnen und Sch\u00fcler, Eltern sowie Mitarbeitende tief bewegt und verunsichert. Solche Geschehnisse machen uns betroffen, werfen Fragen auf und lassen niemanden unber\u00fchrt. Gerade in einer solchen Situation ist es&hellip;<\/p>\n\t\t\t\t\t\t\t\t\t<\/div>\n\t\t\t\t\t\t\t\t\t\t\t\t\t\t\t<\/div><!-- .advanced-recent-posts-text-wrap -->\n\n\t\t\t\t\t\t<\/div><!-- .advanced-recent-posts-item -->\n\t\t\t\t\t\t\t\t\t\t\t<div class=\"advanced-recent-posts-item\">\n\n\t\t\t\t\t\t\t\t\t\t\t\t\t\t<div class=\"advanced-recent-posts-text-wrap\">\n\t\t\t\t\t\t\t\t<h3 class=\"advanced-recent-posts-title\">\n\t\t\t\t\t\t\t\t\t<a href=\"https:\/\/www.sts-flottbek.de\/?p=9232\">P\u00e4dagogische Ganztagskonferenz &#8211; kein Unterricht &#8211; am Mittwoch, den 22. April 2026<\/a>\n\t\t\t\t\t\t\t\t<\/h3>\n\n\t\t\t\t\t\t\t\t\t\t\t\t\t\t\t\t\t<div class=\"advanced-recent-posts-meta\">\n\t\t\t\t\t\t\t\t\t\t<span class=\"advanced-recent-posts-date\">11. April 2026<\/span>\n\t\t\t\t\t\t\t\t\t<\/div>\n\t\t\t\t\t\t\t\t\n\t\t\t\t\t\t\t\t\t\t\t\t\t\t\t\t\t<div class=\"advanced-recent-posts-summary\">\n\t\t\t\t\t\t\t\t\t<p>Liebe Schulgemeinschaft, Auch in diesem Schuljahr f\u00fchrt unser gesamtes Kollegium wieder eine p\u00e4dagogische Ganztagskonferenz durch: Am Mittwoch, den 22.April 2026 arbeiten wir innerhalb einer schulinternen Fortbildung zum Thema &gt;Diskriminierung&gt; Wir arbeiten innerhalb der Kernzeit 8.00-16.00 Uhr. An diesem Tag findet f\u00fcr Ihr Kind k e i n Unterricht in der&hellip;<\/p>\n\t\t\t\t\t\t\t\t\t<\/div>\n\t\t\t\t\t\t\t\t\t\t\t\t\t\t\t<\/div><!-- .advanced-recent-posts-text-wrap -->\n\n\t\t\t\t\t\t<\/div><!-- .advanced-recent-posts-item -->\n\t\t\t\t\t\t\t\t\t\t\t<div class=\"advanced-recent-posts-item\">\n\n\t\t\t\t\t\t\t\t\t\t\t\t\t\t<div class=\"advanced-recent-posts-text-wrap\">\n\t\t\t\t\t\t\t\t<h3 class=\"advanced-recent-posts-title\">\n\t\t\t\t\t\t\t\t\t<a href=\"https:\/\/www.sts-flottbek.de\/?p=9229\">Stellungnahme zum Vorfall am 30.03.26 vor unserer Schule<\/a>\n\t\t\t\t\t\t\t\t<\/h3>\n\n\t\t\t\t\t\t\t\t\t\t\t\t\t\t\t\t\t<div class=\"advanced-recent-posts-meta\">\n\t\t\t\t\t\t\t\t\t\t<span class=\"advanced-recent-posts-date\">11. April 2026<\/span>\n\t\t\t\t\t\t\t\t\t<\/div>\n\t\t\t\t\t\t\t\t\n\t\t\t\t\t\t\t\t\t\t\t\t\t\t\t\t\t<div class=\"advanced-recent-posts-summary\">\n\t\t\t\t\t\t\t\t\t<p>Die Stadtteilschule Flottbek ist tief betroffen \u00fcber den schweren Vorfall, der sich gestern vor unserer Schule ereignet hat. Unsere Gedanken sind bei dem verletzten Sch\u00fcler und seiner Familie. Zugleich sind wir bei allen Sch\u00fcler*innen, Mitarbeitenden und Familien, die durch dieses Ereignis verunsichert oder belastet sind. Die Schule steht in engem&hellip;<\/p>\n\t\t\t\t\t\t\t\t\t<\/div>\n\t\t\t\t\t\t\t\t\t\t\t\t\t\t\t<\/div><!-- .advanced-recent-posts-text-wrap -->\n\n\t\t\t\t\t\t<\/div><!-- .advanced-recent-posts-item -->\n\t\t\t\t\t\n\t\t\t\t<\/div><!-- .advanced-recent-posts-widget -->\n\n\t\t\t\t\n\t\t\t\n\t\t\t<\/div><div id=\"panel-8-3-0-1\" class=\"so-panel widget widget_media_gallery panel-last-child\" data-index=\"6\" ><div id='gallery-1' class='gallery galleryid-9229 gallery-columns-4 gallery-size-large'><figure class='gallery-item'>\n\t\t\t<div class='gallery-icon landscape'>\n\t\t\t\t<img loading=\"lazy\" decoding=\"async\" width=\"640\" height=\"480\" src=\"https:\/\/www.sts-flottbek.de\/wp-content\/uploads\/2021\/03\/Foerderkonzept.jpg\" class=\"attachment-large size-large\" alt=\"\" srcset=\"https:\/\/www.sts-flottbek.de\/wp-content\/uploads\/2021\/03\/Foerderkonzept.jpg 806w, https:\/\/www.sts-flottbek.de\/wp-content\/uploads\/2021\/03\/Foerderkonzept-300x225.jpg 300w, https:\/\/www.sts-flottbek.de\/wp-content\/uploads\/2021\/03\/Foerderkonzept-768x576.jpg 768w, https:\/\/www.sts-flottbek.de\/wp-content\/uploads\/2021\/03\/Foerderkonzept-360x270.jpg 360w\" sizes=\"auto, (max-width: 640px) 100vw, 640px\" \/>\n\t\t\t<\/div><\/figure><figure class='gallery-item'>\n\t\t\t<div class='gallery-icon landscape'>\n\t\t\t\t<img loading=\"lazy\" decoding=\"async\" width=\"640\" height=\"480\" src=\"https:\/\/www.sts-flottbek.de\/wp-content\/uploads\/2021\/06\/basket1-1024x768.jpg\" class=\"attachment-large size-large\" alt=\"\" srcset=\"https:\/\/www.sts-flottbek.de\/wp-content\/uploads\/2021\/06\/basket1-1024x768.jpg 1024w, https:\/\/www.sts-flottbek.de\/wp-content\/uploads\/2021\/06\/basket1-300x225.jpg 300w, https:\/\/www.sts-flottbek.de\/wp-content\/uploads\/2021\/06\/basket1-768x576.jpg 768w, https:\/\/www.sts-flottbek.de\/wp-content\/uploads\/2021\/06\/basket1-1536x1152.jpg 1536w, https:\/\/www.sts-flottbek.de\/wp-content\/uploads\/2021\/06\/basket1-360x270.jpg 360w, https:\/\/www.sts-flottbek.de\/wp-content\/uploads\/2021\/06\/basket1.jpg 1600w\" sizes=\"auto, (max-width: 640px) 100vw, 640px\" \/>\n\t\t\t<\/div><\/figure><figure class='gallery-item'>\n\t\t\t<div class='gallery-icon landscape'>\n\t\t\t\t<img loading=\"lazy\" decoding=\"async\" width=\"640\" height=\"480\" src=\"https:\/\/www.sts-flottbek.de\/wp-content\/uploads\/2022\/05\/IMG_2587.jpg\" class=\"attachment-large size-large\" alt=\"\" srcset=\"https:\/\/www.sts-flottbek.de\/wp-content\/uploads\/2022\/05\/IMG_2587.jpg 640w, https:\/\/www.sts-flottbek.de\/wp-content\/uploads\/2022\/05\/IMG_2587-300x225.jpg 300w, https:\/\/www.sts-flottbek.de\/wp-content\/uploads\/2022\/05\/IMG_2587-360x270.jpg 360w\" sizes=\"auto, (max-width: 640px) 100vw, 640px\" \/>\n\t\t\t<\/div><\/figure><figure class='gallery-item'>\n\t\t\t<div class='gallery-icon landscape'>\n\t\t\t\t<img loading=\"lazy\" decoding=\"async\" width=\"640\" height=\"480\" src=\"https:\/\/www.sts-flottbek.de\/wp-content\/uploads\/2021\/02\/SpinneSchnee.jpg\" class=\"attachment-large size-large\" alt=\"\" srcset=\"https:\/\/www.sts-flottbek.de\/wp-content\/uploads\/2021\/02\/SpinneSchnee.jpg 754w, https:\/\/www.sts-flottbek.de\/wp-content\/uploads\/2021\/02\/SpinneSchnee-300x225.jpg 300w, https:\/\/www.sts-flottbek.de\/wp-content\/uploads\/2021\/02\/SpinneSchnee-360x270.jpg 360w\" sizes=\"auto, (max-width: 640px) 100vw, 640px\" \/>\n\t\t\t<\/div><\/figure>\n\t\t<\/div>\n<\/div><\/div><\/div><\/div>","protected":false},"excerpt":{"rendered":"<p>Die Stadtteilschule Flottbek ist tief betroffen \u00fcber den schweren Vorfall, der sich gestern vor unserer Schule ereignet hat. Unsere Gedanken sind bei dem verletzten Sch\u00fcler und seiner Familie. Zugleich sind&hellip;&nbsp;<a href=\"https:\/\/www.sts-flottbek.de\/?p=9229\" class=\"more-link\">&#8230; mehr<\/a><\/p>\n","protected":false},"author":1,"featured_media":0,"parent":0,"menu_order":1,"comment_status":"closed","ping_status":"closed","template":"","meta":{"footnotes":""},"class_list":["post-8","page","type-page","status-publish","hentry"],"_links":{"self":[{"href":"https:\/\/www.sts-flottbek.de\/index.php?rest_route=\/wp\/v2\/pages\/8","targetHints":{"allow":["GET"]}}],"collection":[{"href":"https:\/\/www.sts-flottbek.de\/index.php?rest_route=\/wp\/v2\/pages"}],"about":[{"href":"https:\/\/www.sts-flottbek.de\/index.php?rest_route=\/wp\/v2\/types\/page"}],"author":[{"embeddable":true,"href":"https:\/\/www.sts-flottbek.de\/index.php?rest_route=\/wp\/v2\/users\/1"}],"replies":[{"embeddable":true,"href":"https:\/\/www.sts-flottbek.de\/index.php?rest_route=%2Fwp%2Fv2%2Fcomments&post=8"}],"version-history":[{"count":990,"href":"https:\/\/www.sts-flottbek.de\/index.php?rest_route=\/wp\/v2\/pages\/8\/revisions"}],"predecessor-version":[{"id":9207,"href":"https:\/\/www.sts-flottbek.de\/index.php?rest_route=\/wp\/v2\/pages\/8\/revisions\/9207"}],"wp:attachment":[{"href":"https:\/\/www.sts-flottbek.de\/index.php?rest_route=%2Fwp%2Fv2%2Fmedia&parent=8"}],"curies":[{"name":"wp","href":"https:\/\/api.w.org\/{rel}","templated":true}]}}